= -k + 51. What is the remainder when 827 is divided by k?
43
Let w(u) = -u**3 - 34*u**2 - 177*u - 95. What is the remainder when w(-28) is divided by 60?
37
Suppose 100 = -7*b - 222. Let h = b + 51. Calculate the remainder when (-2)/((h/5)/((-62)/4)) is divided by 13.
5
Suppose 15*n + 130*n - 8624 = -9*n. Calculate the remainder when 171 is divided by n.
3
Let k(o) = -4*o - 35. Calculate the remainder when 80 - (-3)/(-9)*3 is divided by k(-14).
16
Calculate the remainder when 7726 is divided by 28 + 4 + -18 - -32.
44
Suppose 499*y + 2544 = 491*y. Let c = y - -417. What is the remainder when c is divided by 37?
25
Let h = -15574 + 17162. Calculate the remainder when h is divided by 27.
22
Let t = -6 - -26. Let n(p) = 6*p**2 - 4*p**2 - 3 + 29*p - t + 0*p**2. What is the remainder when 96 is divided by n(-16)?
21
Suppose 3*l + 646 + 101 = 2*m, -1121 = -3*m + 4*l. Let d = m - 334. Calculate the remainder when 117 is divided by d.
35
Let k(w) = -2*w + 93. Let b = 33 + -12. Calculate the remainder when k(b) is divided by 13.
12
Let q = -19352 - -19749. What is the remainder when 2784 is divided by q?
5
Suppose z + 0*z - 89 = -u, -4*z = -2*u - 368. What is the remainder when 287 is divided by z?
14
Let x(s) = 48*s + 2194. Calculate the remainder when 3395 is divided by x(-45).
29
Calculate the remainder when 437 is divided by ((-432)/(-45))/((-18)/(-135)).
5
Suppose 5*y - 26 = 4*t - 9, 4*y - 16 = 2*t. Suppose y*m - 2*d = 82, 11*m + 30 = 13*m + 2*d. What is the remainder when 42 is divided by m?
10
Let f = 1491 + -1360. Suppose 9 - 43 = -l - 4*a, l - a - 34 = 0. Calculate the remainder when f is divided by l.
29
Let m be ((-36)/7)/(-3) - 42/(-147). Suppose 2*r - f = -383 - 76, -1149 = 5*r - m*f. Let d = -104 - r. Calculate the remainder when d is divided by 43.
41
Let q(f) = -f + 39. Let v = -148 - -143. What is the remainder when q(v) is divided by 4?
0
Let h(v) = v**3 - 52*v**2 + 168*v - 824. Calculate the remainder when h(49) is divided by 185.
20
Suppose 24*o + 84*o - 1652210 = -112778. Calculate the remainder when o is divided by 147.
142
Suppose q + 24 - 472 = -2*v, 3*q = -3*v + 1347. What is the remainder when q is divided by 109?
14
Let v(p) = 2*p - 4. Let g(r) = -1. Let q(c) = -3*g(c) + v(c). Let m = 36131 + -36127. Calculate the remainder when m is divided by q(2).
1
Let b = -275 - -279. Suppose 4*h + 47 + 5 = 3*m, 2*m + 5*h = 50. Suppose -m = -0*z - 2*z. Calculate the remainder when z is divided by b.
2
Let n(q) = 12*q**3 + 13*q**2 - 11*q - 2. Let d be 0 + 2*123/2. Suppose -5*a + d = 13. Calculate the remainder when a is divided by n(1).
10
Let j(t) = t**3 - 9*t**2 - 6*t - 45. Suppose -d + 3 = -2*q, 2*q + 12 = 5*d - 35. Calculate the remainder when j(d) is divided by 38.
17
What is the remainder when 240 is divided by 237*(-2)/(-8)*32/(-192)*-8?
3
Let g(q) = 16*q - 196. Suppose -111 = -3*d - 54. Calculate the remainder when g(d) is divided by 30.
18
Let u(w) = 68*w + 966. Calculate the remainder when u(70) is divided by 8.
6
What is the remainder when ((-51274)/31)/((-12)/18) is divided by 88?
17
Let m(p) = p**2 - 5*p - 396. Let o(h) = -10*h - 29. Calculate the remainder when m(-19) is divided by o(-6).
29
Suppose -19*k = -3*x - 18*k + 9, 4*x = 5*k - 10. Calculate the remainder when 146 is divided by x.
1
Suppose 2*r - 91 = -5*m, 4*m + 68 = 5*r - 143. What is the remainder when r is divided by -3 - 12/(-3) - (3 - (-144)/(-6))?
21
Let a(k) = k**3 - 10*k**2 - 7*k + 9. Suppose -5 - 1 = -y + 2*u, 0 = 4*y - 3*u - 14. Calculate the remainder when a(11) is divided by (33 - 2) + (3 - y) + -4.
25
Let c(x) = 14*x**2 + 266*x + 76. Calculate the remainder when 290 is divided by c(-19).
62
Suppose 0 = 66*w - 64*w - 1304. Suppose 4*h = a - 4*a + w, -5*h + 815 = -4*a. What is the remainder when h is divided by 34?
27
Suppose -39*j = -44*j + 3*g + 1352, 0 = -g + 1. Calculate the remainder when 2715 is divided by j.
5
Let y = -4618 - -4766. Calculate the remainder when y is divided by 25.
23
Let r(m) be the first derivative of -3*m**2/2 + 124*m + 36. What is the remainder when 57 is divided by r(31)?
26
Let d(u) = -2*u**3 + 25*u**2 - 12*u + 2. Let a be d(12). Suppose -192 = -2*l - a*l. What is the remainder when l is divided by 10?
8
Let l(f) = -f**2 + 121*f - 3453. Calculate the remainder when 23722 is divided by l(74).
22
Let x = 10760 - 10642. Calculate the remainder when 331 is divided by x.
95
Let j = 271 - 257. Calculate the remainder when 359 is divided by (570/j - 8/(-28)) + -1.
39
Suppose -17*i + 4122 + 10549 = 0. Suppose 0 = t + 4, t + 55 - i = -4*r. Calculate the remainder when r is divided by 6.
5
Let o be (17 + 3)*(-3)/(-7)*-7. What is the remainder when 31 is divided by ((-1550)/o - 9) + 1/6?
14
Suppose -i = 3*i. Let r = 50 - i. Calculate the remainder when r is divided by (-14)/203 + ((-232322)/(-8874) - 3/27).
24
Suppose -38 = 5*x - 183. Let y be (6 + 39)*1 - -1. Suppose 39*c - y*c + 602 = 0. Calculate the remainder when c is divided by x.
28
Let a(b) = 2*b. Let n be a(1). Suppose 0 = 5*f + 10, 2*f + n*f + 28 = 2*l. Suppose -l*m = -7*m - 579. Calculate the remainder when m is divided by 14.
11
Calculate the remainder when ((-33)/(-9) + -5)*6/(-4) - -13 is divided by 14.
1
Suppose -7*n = -5*d - 9*n - 26, -4*d - 22 = 2*n. What is the remainder when 396*((-85)/(-45) - d/(-18)) is divided by 13?
10
Suppose 5*x - 4*q - 1105 - 370 = 0, -q - 295 = -x. What is the remainder when 6488 is divided by x?
293
Suppose 0 = 4*p - 4*b - 1412, 6*b - 5*b = -4. Let l = -333 + p. Calculate the remainder when 50 is divided by l.
2
Let a = 21131 + -8912. Calculate the remainder when a is divided by 188.
187
Suppose -12*a + 138 = -54. What is the remainder when 393 is divided by a?
9
Calculate the remainder when 624 is divided by 87 + -99 + 30 + 0.
12
Suppose 0 = 8*p - 2293 - 1931. Let d = p - 510. What is the remainder when d is divided by 3?
0
Let o(x) = x**3 - 12*x**2 - 14*x + 26. Let n(w) = -w**2 + 7*w + 1. Let m be n(4). What is the remainder when (-679)/(-2)*(-16)/(-28) is divided by o(m)?
12
Let l = 11121 - 11101. Let y(m) = 3*m**2 + 9*m + 8. Calculate the remainder when y(-6) is divided by l.
2
Suppose d - 9 = 5*u, -2*u - 72 = -6*d + 2*d. Suppose -31*z = -30*z - 16. What is the remainder when 2 - 24/z - (-218)/4 is divided by d?
17
Suppose -194*g = -127*g - 670. Calculate the remainder when 387 is divided by g.
7
Let u(f) = -55*f + 235. Suppose -66*t + 148 = -116. Calculate the remainder when 478 is divided by u(t).
13
Suppose -23 + 3 = 4*j. Suppose 16 = 10*a - 6*a. What is the remainder when (-5 - 40/j)/(6/a) is divided by 2?
0
Let t = 142 + -92. Suppose -2*x - z + 13526 = 13065, -865 = -4*x - 5*z. What is the remainder when x is divided by t?
40
Let d(z) = 24*z - 240. Let g be d(11). What is the remainder when 147*6*g/54 - -3 is divided by 44?
43
Calculate the remainder when 160 is divided by (146 + -142)/(0 + 1 + (-9)/11).
6
Suppose 5*h - 5 = 0, 3*s - 2*h + 17 = 6*s. Calculate the remainder when 76 is divided by s.
1
Suppose u + 4*u - 5*g = 50, u + 5 = -2*g. What is the remainder when 83 is divided by (u/(-10))/(1/(-58))?
25
Let c(u) be the second derivative of -2*u**3/3 - 2*u**2 + 22*u. Let r be c(-1). Suppose -2*m + m + 14 = r. Calculate the remainder when 63 is divided by m.
7
Suppose 0 = 4*d + 21 - 53. Suppose d = 5*l - 12. Suppose l*k = -83 + 563. What is the remainder when k is divided by 41?
38
Let s(b) = 2*b**2 + 2*b + 445. Suppose 4*d + 2*a = 0, 0*a + 2*a = -2*d. What is the remainder when s(d) is divided by 56?
53
Let n(g) = g**3 + 7*g**2 - 110*g - 109. Calculate the remainder when 1977 is divided by n(-12).
13
Suppose -7*f = -f - 18. Let j be 808/24*f/(-1). Calculate the remainder when 95 is divided by j/(-4) + 2 + (-63)/28.
20
Suppose -226 = -2*h + 68. Let o(x) = -4*x - 31. Suppose 9*t + 199 = 46. What is the remainder when h is divided by o(t)?
36
Let n(a) = -3*a**2 + 171*a - 1637. Calculate the remainder when 319 is divided by n(44).
3
Let z be 52644/(-39) + (-12)/78. Calculate the remainder when 121 is divided by 40/(-140) + (z/(-21) - -1).
56
Let k(j) = -j**2 + 10*j + 15. Let s be k(11). Suppose -31 = -3*x - 2*y - 2*y, 19 = 2*x + 3*y. What is the remainder when x is divided by 2/s*300/15?
7
Suppose -91*d - 946 = -8226. What is the r